{"id":170,"date":"2021-12-11T22:17:58","date_gmt":"2021-12-11T21:17:58","guid":{"rendered":"http:\/\/www.korreckt.lu\/?page_id=170"},"modified":"2021-12-11T22:22:04","modified_gmt":"2021-12-11T21:22:04","slug":"allgemengt-lektorat","status":"publish","type":"page","link":"https:\/\/www.korreckt.lu\/index.php\/allgemengt-lektorat\/","title":{"rendered":"Allgemengt Lektorat"},"content":{"rendered":"\n<p>En allgemengt Lektorat beinhalt d\u2019Eenzelheete vun engem Korrektorat, w\u00e9i och d\u2019Stilverbesserung vum agereechten Text. Duerch d\u2019\u00cbmgestaltung resp. d\u2019\u00cbmschreiwe vun engem Saz, kann en Text m\u00e9i d\u00e4itlech a m\u00e9i s\u00ebnnhafteg wierken w\u00e9i a senger urspr\u00fcnglecher Form. Zu engem Lektorat geh\u00e9ieren och Umierkungen, wann eng Aarbecht bspw. vum Theema ofw\u00e4icht oder weider Erkl\u00e4rungen zu engem Aspekt vun der Aarbecht n\u00e9ideg sinn. Heib\u00e4i bleiwe souwuel d\u2018Substanz w\u00e9i och de Contenu vum Text onugetaascht.<\/p>\n\n\n\n<p>En allgemengt Lektorat bedarf jee no Aarbechts\u00ebmfank 1-5 Deeg. Et besteet och d\u2019M\u00e9iglechkeet Studentenaarbechen (just Hausaarbechten &amp; Bacheloraarbechten) per Express-Beaarbechtung bannent 48 Stonnen oder iwwer de Weekend lektor\u00e9ieren ze loossen. D\u2019Detailer dozou fannt Dir an der Tabell an der Rubrik Pr\u00e4isiwwersiicht.<\/p>\n","protected":false},"excerpt":{"rendered":"<p>En allgemengt Lektorat beinhalt d\u2019Eenzelheete vun engem Korrektorat, w\u00e9i och d\u2019Stilverbesserung vum agereechten Text. Duerch d\u2019\u00cbmgestaltung resp. d\u2019\u00cbmschreiwe vun engem Saz, kann en Text m\u00e9i d\u00e4itlech a m\u00e9i s\u00ebnnhafteg wierken w\u00e9i a senger urspr\u00fcnglecher Form. Zu engem Lektorat geh\u00e9ieren och Umierkungen, wann eng Aarbecht bspw. vum Theema ofw\u00e4icht oder weider Erkl\u00e4rungen zu engem Aspekt vun &hellip; <\/p>\n<p class=\"link-more\"><a href=\"https:\/\/www.korreckt.lu\/index.php\/allgemengt-lektorat\/\" class=\"more-link\">Continuer la lecture<span class=\"screen-reader-text\"> de &laquo;&nbsp;Allgemengt Lektorat&nbsp;&raquo;<\/span><\/a><\/p>\n","protected":false},"author":1,"featured_media":0,"parent":0,"menu_order":0,"comment_status":"closed","ping_status":"closed","template":"","meta":[],"_links":{"self":[{"href":"https:\/\/www.korreckt.lu\/index.php\/wp-json\/wp\/v2\/pages\/170"}],"collection":[{"href":"https:\/\/www.korreckt.lu\/index.php\/wp-json\/wp\/v2\/pages"}],"about":[{"href":"https:\/\/www.korreckt.lu\/index.php\/wp-json\/wp\/v2\/types\/page"}],"author":[{"embeddable":true,"href":"https:\/\/www.korreckt.lu\/index.php\/wp-json\/wp\/v2\/users\/1"}],"replies":[{"embeddable":true,"href":"https:\/\/www.korreckt.lu\/index.php\/wp-json\/wp\/v2\/comments?post=170"}],"version-history":[{"count":2,"href":"https:\/\/www.korreckt.lu\/index.php\/wp-json\/wp\/v2\/pages\/170\/revisions"}],"predecessor-version":[{"id":208,"href":"https:\/\/www.korreckt.lu\/index.php\/wp-json\/wp\/v2\/pages\/170\/revisions\/208"}],"wp:attachment":[{"href":"https:\/\/www.korreckt.lu\/index.php\/wp-json\/wp\/v2\/media?parent=170"}],"curies":[{"name":"wp","href":"https:\/\/api.w.org\/{rel}","templated":true}]}}