{"id":172,"date":"2021-12-11T22:17:58","date_gmt":"2021-12-11T21:17:58","guid":{"rendered":"http:\/\/www.korreckt.lu\/?page_id=172"},"modified":"2021-12-11T22:23:23","modified_gmt":"2021-12-11T21:23:23","slug":"lektorat-vu-publikatiounen","status":"publish","type":"page","link":"https:\/\/www.korreckt.lu\/index.php\/lektorat-vu-publikatiounen\/","title":{"rendered":"Lektorat vu Publikatiounen"},"content":{"rendered":"\n<p>E Lektorat vu Publikatiounen (Brochuren, Informatiounsmaterial, Sporthefter, Ver\u00e4inshefter, asw.), dat zur Informatioune vun der allgemenger Bev\u00eblkerung oder enger spezifescher Client\u00e8le d\u00e9ngt, beinhalt d\u2019Eenzelheete vun engem allgemenge Lektorat (Korrekturliesen, Umierkungen ubr\u00e9ngen, Verbesserungsvirschl\u00e9i \u00ebnnerbreeden) a kann op Wonsch vum Client nach verfeinert ginn. D\u2019Client\u00eb si gebieden d\u00e9i gew\u00ebnschten Deadline fr\u00e9istm\u00e9iglech matzedeelen. D\u2019Detailer fannt Dir an der Tabell an der Rubrik Pr\u00e4isiwwersiicht.<\/p>\n","protected":false},"excerpt":{"rendered":"<p>E Lektorat vu Publikatiounen (Brochuren, Informatiounsmaterial, Sporthefter, Ver\u00e4inshefter, asw.), dat zur Informatioune vun der allgemenger Bev\u00eblkerung oder enger spezifescher Client\u00e8le d\u00e9ngt, beinhalt d\u2019Eenzelheete vun engem allgemenge Lektorat (Korrekturliesen, Umierkungen ubr\u00e9ngen, Verbesserungsvirschl\u00e9i \u00ebnnerbreeden) a kann op Wonsch vum Client nach verfeinert ginn. D\u2019Client\u00eb si gebieden d\u00e9i gew\u00ebnschten Deadline fr\u00e9istm\u00e9iglech matzedeelen. D\u2019Detailer fannt Dir an der Tabell &hellip; <\/p>\n<p class=\"link-more\"><a href=\"https:\/\/www.korreckt.lu\/index.php\/lektorat-vu-publikatiounen\/\" class=\"more-link\">Continuer la lecture<span class=\"screen-reader-text\"> de &laquo;&nbsp;Lektorat vu Publikatiounen&nbsp;&raquo;<\/span><\/a><\/p>\n","protected":false},"author":1,"featured_media":0,"parent":0,"menu_order":0,"comment_status":"closed","ping_status":"closed","template":"","meta":[],"_links":{"self":[{"href":"https:\/\/www.korreckt.lu\/index.php\/wp-json\/wp\/v2\/pages\/172"}],"collection":[{"href":"https:\/\/www.korreckt.lu\/index.php\/wp-json\/wp\/v2\/pages"}],"about":[{"href":"https:\/\/www.korreckt.lu\/index.php\/wp-json\/wp\/v2\/types\/page"}],"author":[{"embeddable":true,"href":"https:\/\/www.korreckt.lu\/index.php\/wp-json\/wp\/v2\/users\/1"}],"replies":[{"embeddable":true,"href":"https:\/\/www.korreckt.lu\/index.php\/wp-json\/wp\/v2\/comments?post=172"}],"version-history":[{"count":2,"href":"https:\/\/www.korreckt.lu\/index.php\/wp-json\/wp\/v2\/pages\/172\/revisions"}],"predecessor-version":[{"id":210,"href":"https:\/\/www.korreckt.lu\/index.php\/wp-json\/wp\/v2\/pages\/172\/revisions\/210"}],"wp:attachment":[{"href":"https:\/\/www.korreckt.lu\/index.php\/wp-json\/wp\/v2\/media?parent=172"}],"curies":[{"name":"wp","href":"https:\/\/api.w.org\/{rel}","templated":true}]}}