{"id":174,"date":"2021-12-11T22:17:58","date_gmt":"2021-12-11T21:17:58","guid":{"rendered":"http:\/\/www.korreckt.lu\/?page_id=174"},"modified":"2021-12-11T22:26:13","modified_gmt":"2021-12-11T21:26:13","slug":"transkriptioun-vun-audio-dateien","status":"publish","type":"page","link":"https:\/\/www.korreckt.lu\/index.php\/transkriptioun-vun-audio-dateien\/","title":{"rendered":"Transkriptioun vun Audio-Dateien"},"content":{"rendered":"\n<p>KorrekturEck S\u00e0rl-S bitt de Service vun enger Transkriptioun vun Audio-Dateien un. Transkriptioune sinn e wichtege Bestanddeel vu Studentenaarbechten, w\u00ebsseschaftleche Projeten oder der Verschr\u00ebftlechung vun Dialogen. Besonnesch bei enger Aarbecht h\u00eblt d\u2019Transkrib\u00e9iere vill Z\u00e4it an Usproch. Fir sech op de K\u00e4r vun der Aarbecht fokuss\u00e9ieren ze k\u00ebnnen, bidde mir Studenten, W\u00ebsseschaftler an allen anere Persounen d\u00ebse Service an de Sproochen D\u00e4itsch a L\u00ebtzebuergesch un. D\u2019Detailer fannt Dir an der Tabell an der Rubrik Pr\u00e4isiwwersiicht.<\/p>\n","protected":false},"excerpt":{"rendered":"<p>KorrekturEck S\u00e0rl-S bitt de Service vun enger Transkriptioun vun Audio-Dateien un. Transkriptioune sinn e wichtege Bestanddeel vu Studentenaarbechten, w\u00ebsseschaftleche Projeten oder der Verschr\u00ebftlechung vun Dialogen. Besonnesch bei enger Aarbecht h\u00eblt d\u2019Transkrib\u00e9iere vill Z\u00e4it an Usproch. Fir sech op de K\u00e4r vun der Aarbecht fokuss\u00e9ieren ze k\u00ebnnen, bidde mir Studenten, W\u00ebsseschaftler an allen anere Persounen d\u00ebse &hellip; <\/p>\n<p class=\"link-more\"><a href=\"https:\/\/www.korreckt.lu\/index.php\/transkriptioun-vun-audio-dateien\/\" class=\"more-link\">Continuer la lecture<span class=\"screen-reader-text\"> de &laquo;&nbsp;Transkriptioun vun Audio-Dateien&nbsp;&raquo;<\/span><\/a><\/p>\n","protected":false},"author":1,"featured_media":0,"parent":0,"menu_order":0,"comment_status":"closed","ping_status":"closed","template":"","meta":[],"_links":{"self":[{"href":"https:\/\/www.korreckt.lu\/index.php\/wp-json\/wp\/v2\/pages\/174"}],"collection":[{"href":"https:\/\/www.korreckt.lu\/index.php\/wp-json\/wp\/v2\/pages"}],"about":[{"href":"https:\/\/www.korreckt.lu\/index.php\/wp-json\/wp\/v2\/types\/page"}],"author":[{"embeddable":true,"href":"https:\/\/www.korreckt.lu\/index.php\/wp-json\/wp\/v2\/users\/1"}],"replies":[{"embeddable":true,"href":"https:\/\/www.korreckt.lu\/index.php\/wp-json\/wp\/v2\/comments?post=174"}],"version-history":[{"count":2,"href":"https:\/\/www.korreckt.lu\/index.php\/wp-json\/wp\/v2\/pages\/174\/revisions"}],"predecessor-version":[{"id":215,"href":"https:\/\/www.korreckt.lu\/index.php\/wp-json\/wp\/v2\/pages\/174\/revisions\/215"}],"wp:attachment":[{"href":"https:\/\/www.korreckt.lu\/index.php\/wp-json\/wp\/v2\/media?parent=174"}],"curies":[{"name":"wp","href":"https:\/\/api.w.org\/{rel}","templated":true}]}}